f f and x?
9
Let b be 4/18 - 718/(-9). Let r be 5/1*(-138)/(-30). Suppose 4*u - 9 = r. What is the highest common factor of b and u?
8
Let r(i) = 8*i**2 + 2*i - 1. Let v be r(1). Let l(n) = -20*n - 1166. Let k be l(-61). What is the highest common divisor of v and k?
9
Let o = 187 - -273. Calculate the greatest common divisor of o and 20.
20
Let s(c) = -6*c + 3. Let o be s(-1). What is the greatest common factor of 153 and o?
9
Let a be 15 + 81/(-9) + 148 + 1. Calculate the greatest common factor of a and 10.
5
Let t be (-40)/6 - 24/(-36). Let c be t/36 + (-178)/12. Let l(o) = o**3 + 16*o**2 + 15*o + 8. Let i be l(c). Calculate the highest common factor of 64 and i.
8
Let i(j) = j**3 - j**2 + j - 1. Let c be i(2). Suppose -2*o = -c*r + 454, -5*r + o + 569 - 117 = 0. Calculate the highest common factor of r and 30.
30
Suppose -4*w = 3*p + w - 14, 4*w + 8 = 4*p. Suppose -5 - 33 = -p*s - 5*k, -2*k = -5*s + 84. What is the greatest common divisor of s and 16?
16
Let j = 153 + -57. Calculate the highest common factor of j and 12.
12
Let h = 4 - -12. Let l = h - 27. Let n = 16 - l. What is the highest common factor of 3 and n?
3
Let o(x) = 10*x + x**3 + 10*x**2 + 4 + 11*x - 9*x. Let c be o(-8). Calculate the highest common factor of 4 and c.
4
Suppose -7*k + 35 = -0*k. Suppose 19 = k*m + 2*v, 0 = -4*m + 6*v - 5*v + 10. Calculate the greatest common factor of m and 3.
3
Let y(k) = 4 - 6*k**2 + 0*k**3 + k**3 - 3 + 3*k + 3. Let w be y(5). Let f be 43 - (w - 6/(-2)). What is the greatest common factor of f and 23?
23
Suppose 0 = 2*h - 6*h. Let w be 14 - (-2)/(-1 + h). Let q(i) = -i + 60. Let c be q(12). What is the greatest common divisor of w and c?
12
Let b = -653 + 675. Calculate the highest common factor of b and 407.
11
Let m = -410 - -540. Calculate the highest common factor of m and 25.
5
Let g be (-64)/(-12)*2/(4/30). Let f = g - 56. What is the highest common divisor of 24 and f?
24
Let a = 153 - 145. Let g be a*(4 - (-4 - -6)). Calculate the greatest common factor of 208 and g.
16
Let v = -51 + 746. What is the greatest common factor of 5 and v?
5
Suppose 49*i - 54*i + 120 = 0. Let y be (-577)/(-3) + 6/(-18). Calculate the greatest common factor of i and y.
24
Suppose 2*c - 6*c + 1 = -3*a, -40 = -4*a - 5*c. Let h = 0 - 2. Let v be (-1)/h*(11 - 1). What is the greatest common divisor of a and v?
5
Suppose 49*v = 1999 + 3636. Calculate the greatest common divisor of 253 and v.
23
Let v be 165/198 + (-3938)/(-12). Calculate the highest common divisor of v and 7.
7
Let h = 91 - 70. Calculate the greatest common divisor of h and 42.
21
Let b(h) be the second derivative of -2*h**3/3 + 5*h. Let i be b(-4). Let d = 22 - i. Calculate the highest common factor of 6 and d.
6
Let i = 138 - 74. Suppose 3*s - 2*s = -3*c + 6, -3*s - 2*c + 11 = 0. Suppose s*q + i = 7*q. Calculate the greatest common factor of 32 and q.
16
Let s = -5 + 1. Let v be (-6)/4 - 50/s. Let w(d) = -d**3 + 12*d**2 - 10*d + 2. Let o be w(v). Calculate the highest common divisor of o and 104.
13
Let c be 414/60 - 23/(-230). Suppose 4 = 3*z + z. What is the greatest common factor of z and c?
1
Let g(i) = -i + 14. Let n be g(0). Suppose v = -n + 33. Let o(r) = 4*r**3 + 2*r**2 + r + 171. Let b be o(0). What is the greatest common factor of v and b?
19
Let w = 341 + -136. Calculate the greatest common factor of 164 and w.
41
Let k = -20 + 46. Let o = -11 + k. Let f be 75/(1 + -2 + 2). Calculate the greatest common divisor of o and f.
15
Let j be 3 + 1386/8 + (-1)/4. Suppose c - j = z + 153, -2*z + 662 = 2*c. What is the greatest common factor of 30 and c?
30
Let a(y) be the third derivative of y**6/120 - 7*y**5/60 - 11*y**4/24 - y**3/2 - y**2. Let v be a(10). Calculate the highest common divisor of v and 17.
17
Suppose 3*o - 2*g = -0*g, 3*g = -3*o. Let n be 1/4 + (-30)/(-8). Suppose a - n = -o*a. Calculate the highest common factor of 8 and a.
4
Let l(v) = 17*v**3 - 6 - v**3 - 2*v**3 - 17*v**2 - 12*v**3. Let n be l(9). Calculate the greatest common divisor of n and 30.
15
Suppose 72 = -f + 5*f. Suppose -5*a = 3 - f. What is the greatest common factor of 3 and a?
3
Let w be (-3)/(1/(-36)*3). Suppose -r = -4*m - 3*r + 210, 0 = -5*m + 5*r + 285. What is the greatest common factor of w and m?
18
Suppose w + 4*x = 2*w - 32, -x = 5*w - 181. Let d be (10/(-15))/((-2)/w*1). Calculate the highest common factor of 6 and d.
6
Suppose 16*w - 366 = -30. Suppose 0 = -g - g - v + 25, 3*g - 39 = -v. What is the highest common divisor of g and w?
7
Let b = 1 + 20. Suppose 4*x - b = -2*m - m, -18 = -4*x - 2*m. Let a be (-4 + x)*-1 - -14. Calculate the highest common divisor of 15 and a.
15
Let x be (-3 + -55 + -2)*6/(-15). Let m be 23*x/(-16)*(-4)/6. What is the greatest common factor of m and 115?
23
Let i = -318 - -390. What is the highest common divisor of 456 and i?
24
Let z(s) = 2*s**2 + 13*s + 2. Let r be z(-9). Suppose r = 5*x + 7. Let j be (7 - x)/((-2)/4). Calculate the greatest common divisor of j and 6.
2
Suppose 36*z - 432 = 30*z. Calculate the greatest common factor of z and 234.
18
Suppose -s = 2 - 50. Suppose -w = w - s. Let m be (0 + 3/(-6))*-24. Calculate the highest common factor of m and w.
12
Let c(z) = 96*z - 114. Let l be c(6). What is the highest common divisor of 126 and l?
42
Suppose 0 = -2*w + i + 36, 0 = -w - w + 2*i + 38. Suppose 3*b - 23 = -5*c, -c + w = -4*b - 6. Calculate the greatest common factor of 56 and c.
7
Let t(i) = i**2 - 16*i + 7. Suppose -3*w = -0*w - 48. Let l be t(w). Suppose 5*y = l*y - 28. Calculate the greatest common divisor of y and 14.
14
Suppose -52*d + 3198 + 1274 = 0. What is the greatest common factor of 2 and d?
2
Suppose 106 = 2*w - 4*m, -41*w = -45*w + 2*m + 188. Calculate the greatest common divisor of 5 and w.
5
Let k be 4/30 + 515/75. Let t = -79 + k. Let w be ((-17)/4)/(6/t). What is the greatest common factor of 34 and w?
17
Suppose 5*t + r - 113 = 0, -11*t + 8*t + 65 = 2*r. Let f(k) = -82*k - 3. Let a be f(-2). What is the greatest common factor of t and a?
23
Let c(d) = -11*d**3 - 8*d**2 + 8*d + 9. Let a be c(-4). What is the greatest common divisor of 79 and a?
79
Let s be (13 - -1)/2 - -9. Calculate the greatest common divisor of 688 and s.
16
Suppose -1 = -2*y + 7. Suppose -r - 621 = -y*r. Let g = 121 + -98. Calculate the highest common factor of r and g.
23
Let t be (-110)/88 - (-274)/8. What is the highest common factor of t and 517?
11
Suppose 5*s = 277 + 123. Let g be (-12)/(-14)*(s - -4). Calculate the greatest common divisor of g and 18.
18
Let y be 0 + 28/(-7) + -16. Suppose 0 = -4*i - 5*p - 4 + 7, 0 = 4*p - 12. Let k be y*i*2/4. Calculate the highest common factor of 6 and k.
6
Let x be 1*3*(2 - 1). Suppose 4*k - 4*n = -4, 4*k - 2*n = 5 - 3. Suppose -x*o + 11 = -k*o. What is the greatest common factor of 22 and o?
11
Let o(q) = -q + 12. Let y be o(13). Let s = y - -4. Suppose 2*t - 38 = -4*i, 5*t + s*i - 5*i - 143 = 0. Calculate the greatest common divisor of 3 and t.
3
Suppose -25 = 4*a - 5, 0 = -2*z - 2*a + 16. What is the highest common factor of 247 and z?
13
Let h be (-2)/(-6)*(-188325)/(-93). Calculate the highest common factor of 30 and h.
15
Let c be (-103)/(-2) + (-26)/52. What is the greatest common factor of c and 68?
17
Suppose -h + 4*a + 19 = -1, 40 = 2*h - 2*a. Suppose 4*d - 5*o - 660 = 0, -3*o - 1035 = -5*d - 223. What is the greatest common divisor of h and d?
20
Let r = 7 + -29. Let w = r + 18. Let f = 5 - w. What is the greatest common factor of f and 3?
3
Let j(u) = 4*u**2 - 28*u - 12. Let c be (-2)/6 + 88/12 + 2. Let h be j(c). Calculate the greatest common factor of h and 24.
12
Let u = 9 + -18. Let r be (-313)/u - 2/(-9). Calculate the highest common factor of r and 5.
5
Let o = -77 + 127. Calculate the highest common factor of o and 250.
50
Let m = 1185 - 920. Calculate the highest common divisor of 106 and m.
53
Let b = -51 + 31. Let y be (4 + -1)/((-15)/b). Let q be (-9)/(-3 + 8/y). Calculate the greatest common factor of q and 36.
9
Suppose 3*x + 6*x - 783 = 0. Calculate the greatest common divisor of 1392 and x.
87
Suppose 431*r - 427*r = 68. Let x be (0 - 0) + -20 + 3. Let u = 34 - x. What is the highest common divisor of r and u?
17
Let m = 64 + -53. Let a(g) = -g**2 + 21*g - 56. Let b be a(m). Let o b